**2 + 4*z - 2. Let h(x) = -x**3 + 6*x**2 - 2. Let o be h(6). Let v(s) = -s**2 - s - 2. Let d be v(o). What is q(d)?
14
Let r(w) = -2*w**3 + 7*w**2 + 4*w + 3. Let l(f) = 3*f**3 - 14*f**2 - 9*f - 5. Let h(n) = -3*l(n) - 5*r(n). Let v = -10 - -4. Give h(v).
-6
Let r(t) = 7. Let o(d) = -d. Let x(b) = 2*o(b) + 2*r(b). Let j be x(10). Let i(v) be the second derivative of -v**3/3 - 7*v**2/2 - 7*v. Calculate i(j).
5
Let a(f) be the first derivative of f**3/3 + 9*f**2/2 + 21*f + 981. What is a(-7)?
7
Let b(a) = -a - 22. Suppose 137*y - 145*y = 48. What is b(y)?
-16
Let y(c) = 2 - 2*c**3 - 2*c**3 + 7*c**3 - 72*c**2 + 77*c**2 - 6*c - 2*c**3. Let o = -13 - -7. Calculate y(o).
2
Let s(x) = x + 1. Let y(l) = -2*l - 2. Let n(i) = -3*s(i) - 2*y(i). Let m = -17 - -16. Determine n(m).
0
Let p be (-172)/(-14) + 28/(-98). Let d(b) = -4 + 4 + 1 - p*b + 2*b. Give d(1).
-9
Let z(v) = 7*v + 4. Let o(w) = 9*w + 4. Let s(l) = 2*o(l) - 3*z(l). Determine s(3).
-13
Suppose 2*m + 6 = 0, -2*r + 11*m - 9*m = 4. Let o(b) = -6 - 2 + 5 - b. What is o(r)?
2
Suppose -2*m - 10 + 22 = -a, -a + 4*m = 20. Suppose -2*u + 5 = -11. Let v be a/u + (-2)/4. Let w(o) = 2*o**2 + 1. Give w(v).
3
Let p(q) = -6*q**2 - 3*q - 1. Let u(h) = 14*h - 2. Let c be u(0). Determine p(c).
-19
Let v(k) be the second derivative of -2*k**2 - 1/24*k**4 + 0 + 2/3*k**3 + k. Let z(t) be the first derivative of v(t). What is z(4)?
0
Suppose 31*y - 35 + 190 = 0. Let u(z) = z**3 + 5*z**2 - 4*z - 3. Determine u(y).
17
Let i(z) = z**2 - 21*z + 82. Let s be i(5). Let f(w) be the first derivative of -1/3*w**3 + 2 - 8*w + 7/2*w**s. Give f(6).
-2
Suppose 48*k - 82*k = -48*k - 42. Let r(t) be the third derivative of -t**4/12 + t**3/3 - t**2. What is r(k)?
8
Let g(k) be the first derivative of -1/2*k**2 + 9 + k. Let q = -7 + 8. Calculate g(q).
0
Let x = 2 + 0. Let i(k) = 2 - 2*k - k + x*k + 0*k. Suppose 0 = -4*p - 67 + 79. Calculate i(p).
-1
Let i(n) = -n**3 - 10*n**2 - 3*n + 9. Let s(a) = -2*a**3 - 7*a**2 - 6*a - 18. Let q be s(-3). Calculate i(q).
-45
Let s(z) be the first derivative of -z**4/4 - z**2/2 + 6*z + 535. Let h be 4/8*(0 - 0). What is s(h)?
6
Let w(v) = -3*v**3 + 2*v**2 + 8*v + 1. Let p(g) = 16*g**3 - 9*g**2 - 41*g - 4. Let h = -7 + -4. Let t(i) = h*w(i) - 2*p(i). What is t(5)?
-8
Suppose 8 = -3*d - 8*m + 10*m, 3*d = 5*m - 20. Let y(u) be the second derivative of u**4/12 - u**3/6 + 3*u**2/2 + 2*u. What is y(d)?
3
Let f(i) = 0*i**2 + 15*i + 13 + 5*i**2 + i**2 + i**2. Let v(m) = -4*m**2 - 8*m - 7. Let n(o) = -6*f(o) - 11*v(o). Calculate n(2).
3
Let o(h) = 2*h**2 - 6*h + 4. Let g be o(3). Let u(l) = -23*l + 22*l - g - 3. Determine u(-6).
-1
Let q be 8/2 - (-3 + 6). Suppose -2*g = -g - q. Let r be (-4)/(g + -6 + 4). Let l(v) = -3*v + 6. Determine l(r).
-6
Let u(n) be the third derivative of -n**6/60 + n**5/60 + n**3/3 - 114*n**2. Determine u(2).
-10
Let w(v) = v**2 + 5*v + 12. Let r be w(-8). Let p = r - 32. Suppose 1 = 4*h - 3*d - 2, p*d = -3*h + 21. Let u(s) = -s**2 - s - 1. What is u(h)?
-13
Let s(q) = -7*q**3 - 5*q**2 + 11*q - 3. Let v(a) = 16*a**3 + 9*a**2 - 23*a + 5. Let f(c) = 9*s(c) + 4*v(c). Determine f(8).
-15
Suppose 4*y + y - 2*u - 10 = 0, 0 = 2*y + 4*u - 4. Let n(h) = 5*h + 1 - 2 + h**y + 4. Give n(-2).
-3
Suppose -y - 16*p + 17 = -13*p, -y - 13 = -3*p. Let d(j) = 5*j**3 - 2*j**2 + 2*j - 3. What is d(y)?
33
Let b(x) = -8*x - 3. Let k(y) = 26*y - 238. Let g be k(9). Calculate b(g).
29
Let c(a) = a + 7. Let q(r) = r**2 - 13*r - 19. Suppose -2*d - 84 = -8*d. Let f be q(d). Calculate c(f).
2
Suppose z - d + 3 = 2, -2*z - 5*d = -26. Suppose -3*m - 96 = z*s, 9*s + 73 = -2*m + 4*s. Let y = 27 + m. Let c(o) = -o**3 - 4*o**2 - o + 1. Calculate c(y).
-5
Let b(k) = 5*k - 3. Let a be (-1560)/11 + ((-20)/55)/2. Let l = a - -146. Determine b(l).
17
Suppose -304 = -47*w + 9*w. Let p(x) = -x**3 + 8*x**2 - 5*x + 8. Determine p(w).
-32
Suppose 5*w = -5*p, 59*w - 62*w = -4*p - 28. Let c(j) = -j**3 + 4*j**2 - 3*j + 2. What is c(w)?
-10
Let o be (-3 - -4) + -1 + -7. Let l(v) = 4*v - 1 + 2 - 3*v. Calculate l(o).
-6
Let k(n) = n - 7. Let p = -418 + 412. Calculate k(p).
-13
Let v(z) = -2*z**3 + 5*z**2 - 5*z + 4. Let m(k) = -5*k**3 + 9*k**2 - 9*k + 7. Let y(x) = -3*m(x) + 5*v(x). Give y(1).
4
Let i(z) = -4*z**2 - 5*z - 2. Let q(x) be the first derivative of 0*x**2 + 0*x - 4 + 1/3*x**3. Let a(y) = -i(y) - 3*q(y). Calculate a(-3).
-4
Suppose -6*d = -5*d + 11. Let j(g) = g**2 + 12*g + 4. Let o be j(d). Let t(m) = -m**2 - 6*m + 2. Determine t(o).
-5
Let c(w) = w + 4. Let d(q) = 2*q + 7*q**2 + 15*q**2 - 21*q**2 - 6. Let p be d(0). What is c(p)?
-2
Let j = -193 - -196. Let o(s) = 2*s**2 - 2*s + 3. What is o(j)?
15
Let k(q) = -2*q**3 - 5*q**2 + 4*q - 1. Let d(z) = -3*z**3 - 10*z**2 + 7*z - 1. Let g(v) = 3*d(v) - 5*k(v). Suppose -10*o - 55 = -21*o. Give g(o).
7
Let z be ((-225)/(-54))/(-25)*(-1 - 2). Let i(k) be the first derivative of z*k**2 - 4 + k. Determine i(2).
3
Let l(v) = -3*v**3 - v + 1. Suppose 0 = -3*u - 8 + 11. Suppose 3*t - u = -i, 0*t - 3*t = 4*i + 5. Determine l(t).
-3
Let l(i) be the second derivative of i**5/20 - 5*i**4/12 - 3*i**3/2 + 4*i**2 - 8*i + 4. Calculate l(6).
-10
Let q(c) = -337*c**2 - 426*c**2 - c**3 + 763*c**2. Let b = -2 + 1. Let f be b - -2 - (-3 + 5). Calculate q(f).
1
Let j(v) = 9*v - 15. Let f be j(2). Let l(h) be the second derivative of 3/2*h**2 - 5/6*h**f + 0 - 1/12*h**4 - 2*h. Determine l(-6).
-3
Let y(w) = w + 1. Let p be ((-30)/4)/(9/(-18)). Let z = p - 8. Calculate y(z).
8
Let c(u) be the third derivative of u**5/60 - u**4/6 - 3*u**2. Suppose -18*q - 12 = -22*q. What is c(q)?
-3
Let y(z) be the second derivative of -z**5/20 - z**4/6 + z**3/2 + 3*z**2/2 + 5*z - 2. Let d(w) = -5*w + 2. Let f be d(2). Let p = 6 + f. Calculate y(p).
-3
Let n(s) = -2*s**2 + 5*s - 19. Let a(p) = 6*p**2 - 14*p + 54. Let g(c) = 5*a(c) + 14*n(c). Give g(-3).
22
Suppose 9*i - 20 = 4*i. Suppose 16 = 4*w, 0 = -i*c - w - 0*w + 12. Let p(j) = -12*j**2 + 1 + 2*j**2 - c. Calculate p(-1).
-11
Let p(d) = -d**2 - d - 1. Let x(n) = -n**3 + 5*n**2 + 4*n + 6. Let b(h) = 3*p(h) - x(h). Determine b(9).
9
Let a(z) = -2*z**2 + 2*z - 1. Let f(k) = -k**3 + 21*k**2 - 10*k - 15. Let b(d) = 6*a(d) + f(d). Determine b(9).
-3
Let i(v) = -v**2 + 7. Let r be 1/(2*3/42). Let x be 0*2/2 + r. Suppose 2*c = x*c. Calculate i(c).
7
Suppose 9*u + 66 = -2*u. Let i(m) be the third derivative of -m**4/24 - m**3/6 + m**2. Let x(q) = -q**2 - 13*q - 7. Let a(v) = 6*i(v) - x(v). Give a(u).
-5
Let t(w) = w**3 + 4*w**2 - 3*w + 2. Suppose 0 = 9*z + 3*z + 60. What is t(z)?
-8
Let n(p) = -p + 2. Let u be (-485)/30 + 2/12. Let j = 11 + u. Calculate n(j).
7
Let x(p) = 2*p**2 - 9*p + 8. Suppose -2*m + h + 12 = 0, -3*h - 7 = -2*m + 5. Determine x(m).
26
Let t(l) = -l**3 - 3*l**2 + 8*l - 10. Let m(c) = 9*c - 356. Let x be m(39). Give t(x).
0
Let t(w) = -23*w**2 - 3*w. Let m(l) = -15*l**2 - 2*l. Let c(k) = 8*m(k) - 5*t(k). Determine c(-1).
-4
Let h(w) = w**3 - w**2 - 6. Let c be 4/(-7) + (-124)/(-217). What is h(c)?
-6
Suppose 654 = 5*l - 1066. Let q(v) = 7 + 2 - l*v + 343*v. What is q(4)?
5
Let k(q) = q + 2 - 3 + 2*q**3 + q**2 - q**3. Let u = -2942 + 2942. Give k(u).
-1
Let x(k) = k + 12. Let t be x(-6). Let l(h) be the third derivative of -39*h**2 + 0*h + 0 + 1/12*h**4 - 1/3*h**3. Give l(t).
10
Let a(h) = 0*h + 1 - 3*h + 4*h. Let v be 2/6 - 111/9. Let g be 16/(-24)*v/(-8). Give a(g).
0
Let k = 74 + -83. Let w(t) = t + 7. Determine w(k).
-2
Let k(c) be the first derivative of c**4/2 - 8*c**3/3 + c**2/2 + 3*c + 329. Give k(4).
7
Suppose -4*s + 5*s + 10 = 5*c, c = 0. Let g(u) be the third derivative of u**5/60 + 5*u**4/12 - u**3/3 - 90*u**2 + u. Give g(s).
-2
Let h be 6/(-20) - (-6783)/(-1190). Let w(y) be the second derivative of 7/6*y**3 - 2*y + 0 + 5/2*y**2 + 1/12*y**4. Give w(h).
-1
Suppose 0 = -51*x + 52*x - 8. Suppose 5*z + k - 33 = -x, 3*z = -2*k + 8. Let m(g) = g**2 - 6*g - 5. Give m(z).
-5
Let h(u) be the second derivative of -u**6/360 - u**5/24 - u**4/12 - 4*u. Let g(j) be the third derivative of h(j). Determine g(-4).
3
Let z(r) = r**3 + 5*r**2 - 6*r - 6. Let x be -9*-1*3/9. Suppose -5*j - 34 = n, 2*n + 0 - 10 = x*j. Let a be z(j). Let s(w) = -2*w - 6. Determine s(a).
6
Let c(t) = -t**2 + 2*t - 5. Let z be c(3). Let p(l) be the second derivative of l**4/